 461 is divided by 5/((-40)/(-248)) - (10/(-5) - -1).
13
Suppose -3*i - 4*b + 32 = 0, 4*i + b - 4*b = 26. Suppose -h + 0 = -i. Suppose -d + 427 = 397. Calculate the remainder when d is divided by h.
6
Suppose -5*k = 9*k + 686. Suppose -78 = -w + 5*f, 230 = -4*w - f + 563. Let d = k + w. What is the remainder when d is divided by 14?
6
Suppose 84 = 5*a - a. Calculate the remainder when (-21593009)/(-116530) + (2/3 - (-29)/(-30)) is divided by a.
17
Calculate the remainder when -4711*548/411*6/(-8) is divided by 3.
1
Let s(w) = w + 1. Let y(f) = -2. Let d(b) = 3*s(b) - 3*y(b). Let n be d(-3). Suppose 5*k + 0*k - 10 = n. What is the remainder when 6 is divided by k?
0
Let t be (4*235)/(-10 - -12). Suppose 0 = -6*r + t + 436. What is the remainder when r is divided by 11?
8
Let l(q) = 176*q - 1324. What is the remainder when 86 is divided by l(8)?
2
Let f = 36085 + -31844. Calculate the remainder when f is divided by 2116.
9
Let w = 704 - 2347. Let c = -526 - w. Calculate the remainder when c is divided by 32.
29
Let a = -14307 - -14341. What is the remainder when 1791 is divided by a?
23
Suppose -2210 = -89*m + 4198. What is the remainder when 179 is divided by m?
35
Let s(k) be the first derivative of k**4/4 + 29*k**3/3 + 27*k**2/2 + 51*k + 50. Calculate the remainder when s(-28) is divided by 22.
13
Suppose 2*s - 38 - 40 = -2*j, 263 = 7*j + 5*s. Let t(h) = -h**3 + 3*h**2 + 6*h + 2. What is the remainder when t(-4) is divided by j?
22
Let l = 132 - -75. Suppose 32*x - 55*x + l = 0. Calculate the remainder when ((-6)/8)/((-4)/128) is divided by x.
6
Suppose 62 = -4*r + z, -5*r - z - 73 = -0*z. Let d = r + 47. Calculate the remainder when d is divided by 19.
13
Let q(i) = 13*i - 42. Let z be q(4). Calculate the remainder when 141 is divided by (-11)/((5/(z - 5))/(-1)).
9
Let l(r) = 5*r + 100. Calculate the remainder when 885 is divided by l(-15).
10
Suppose -286 = 12*i - 730. Calculate the remainder when 18869 is divided by i.
36
Let q(i) = -15*i**2 + 210*i + 3. Let r(u) = 12*u - 394. Let x be r(34). Calculate the remainder when 17*(3 + 2*-1) is divided by q(x).
2
Suppose -48*b - 220 = 37*b - 815. Let r be (-2 + (8 - 2))*1. Suppose -3*h = -r*d - 77, -h + d - 66 = -3*h. What is the remainder when h is divided by b?
3
Suppose 1840*k = -4*w + 1839*k + 90, -3*w + 48 = 4*k. Calculate the remainder when 372 is divided by w.
12
Suppose -36*t - 66 = -42*t. Suppose 5*y - t = 4*r, -y - 16*r + 14*r = -5. Calculate the remainder when 4 is divided by y.
1
Let j = 117 - -215. Suppose 2*t = j - 242. What is the remainder when 135 is divided by t?
0
Let n = -124 - -492. Let b = n + -299. What is the remainder when b is divided by 24?
21
Let t = -1361 - -1318. Let k(f) = 4*f**2 + 4*f - 5. Let x be k(-5). Let q = x + t. What is the remainder when 61 is divided by q?
29
What is the remainder when 361 is divided by 1005/(90/6) - -3?
11
Let x = -167 - -399. Suppose -98 - x = -3*v. Suppose -5*j + v = 6*j. Calculate the remainder when 26 is divided by j.
6
Let a(c) = 32*c - 1. Let q be a(1). Let l = q - 28. Suppose -6*p + 63 = -l*p. Calculate the remainder when p is divided by 12.
9
Let z(d) = d**2 - 3*d - 7. Let j = -6914 - -6926. Calculate the remainder when z(9) is divided by j.
11
What is the remainder when 451 is divided by 194205/2420 + 2/(-8)*1?
51
Suppose -10*t + 9 = 19. Calculate the remainder when 230 is divided by 67 - 58 - (2/t)/(-1).
6
Let f be (2 + 1486)*7/14. Let t = -709 + f. Suppose -2 = 2*w, 3*z = z + 2*w + 40. What is the remainder when t is divided by z?
16
Suppose 1379 = -46*t + 4369. Suppose 4*c - 104 = 28. What is the remainder when t is divided by c?
32
Suppose -i + 7 = 9*a - 11*a, 2*i + 4*a = 30. Suppose p = s - 25, 0 = -6*s + i*s + 3*p - 157. Calculate the remainder when s is divided by 6.
5
Suppose -6*f - 2*p - 1862 = -f, -2*p + 1878 = -5*f. Let z = f + 434. What is the remainder when 117 is divided by z?
57
Let j be (-13284)/(-28) - (-24)/(-56) - 4. Let q = j - 436. Let f(v) = v**3 + 5*v**2 - 9*v - 6. What is the remainder when q is divided by f(-6)?
10
Let v = -19702 + 20595. What is the remainder when 8039 is divided by v?
2
Let q be 15/2*(1351/(-35) - -5). Let w = q - -363. Let o = w + -84. What is the remainder when 131 is divided by o?
23
Let l = -29476 + 29860. Suppose 0 = -0*w + 2*w - 86. What is the remainder when l is divided by w?
40
Suppose 4*k = 4*g + 8552, 6430 = -114*k + 117*k - 5*g. Calculate the remainder when k is divided by 2127.
3
Suppose -9*f = -13*f + 36. Let o(x) = x**3 - 5*x**2 - 20*x - 62. Calculate the remainder when 97 is divided by o(f).
15
What is the remainder when ((-2628)/(-24) - -14)/(2 + 46/(-24)) is divided by 165?
162
Let f = -8677 - -9219. What is the remainder when f is divided by 64?
30
Suppose 1023 = 7*j - 202. What is the remainder when j is divided by 74?
27
Let r = 13949 + -7021. Calculate the remainder when r is divided by 24.
16
Suppose -2*t - 3*d + 688 - 150 = 0, -2*t - 5*d + 550 = 0. What is the remainder when t is divided by 98?
64
Let a = -23995 - -24128. Calculate the remainder when 5848 is divided by a.
129
Suppose 47*t + 74*t - 2538 = 74*t. Let y(l) = 3*l**2 + 3. What is the remainder when t is divided by y(-3)?
24
Suppose 5*p - 13*p + 7*p + 91 = 0. Let a = -21 + 30. Suppose -37 = -x + a. Calculate the remainder when p is divided by x.
45
Let r = 15 - 11. Suppose 4*p = r*s - 7*s + 237, s - 59 = -p. What is the remainder when p is divided by 7?
4
Let t be (272 - -1) + (0 - -13 - 17). Suppose 3*y + t - 320 = 0. What is the remainder when 380/6 - (-2)/3 is divided by y?
13
Let f = -2802 - -3426. What is the remainder when f is divided by 68?
12
What is the remainder when 639 is divided by (-30)/63*7*((-522)/(-10))/(-1)?
117
Let b(i) = 1592*i - 33413. Suppose 90 = 2*q - 10. Calculate the remainder when q is divided by b(21).
12
Let i be (-14)/(-35) - 13/(-5). Suppose -i*c = -0 - 21. Suppose 4*o + 198 - 190 = v, -5*o - 1 = v. What is the remainder when c is divided by v?
3
Calculate the remainder when -7*((-47568)/(-21))/(-16) is divided by 29.
5
Suppose -11*k = -6*k - 520. What is the remainder when 734/2569*(-1085)/(-1) is divided by k?
102
Suppose 29 = 3*r - h, 3*r + 4*h = 24 + 10. Suppose -r*z = -3*z - 280. What is the remainder when 119 is divided by z?
39
Let f(d) = -40*d - 33. Let l be f(-1). What is the remainder when 52 is divided by 3/42*l + 58/4?
7
Suppose -5*s - 3*w + 515 = 0, 4*w - 6*w + 96 = s. Let b = s - 99. What is the remainder when 32 is divided by b?
4
Suppose -3348 - 2812 = -22*u. What is the remainder when u is divided by 149?
131
Let t = -5354 + 9466. What is the remainder when t is divided by 12?
8
Let n = -112 + 172. Suppose -2542096 + 2543016 = 40*l. Calculate the remainder when n is divided by l.
14
Let j be 12/(-8)*(-142)/3. Suppose -5*q + j = -4*o + 213, -3*q = o - 27. What is the remainder when o is divided by 14?
5
Suppose 2*i = -q - 72, -3*i = -2*q - 0*i - 109. Suppose -w + 58 = -31. What is the remainder when w is divided by (0 - 5/10)*q?
27
Suppose 6*j + s + 249 = 7*j, 0 = -4*j - 5*s + 1023. Calculate the remainder when j is divided by 32.
28
Suppose 0 = -22*x - 1822 + 7300. Let r = x + -218. What is the remainder when r is divided by 18?
13
Let p(v) = -v**3 + 10*v**2 - 10*v + 6. Suppose -2*k = 3*k - 35. Suppose 1093 = 2*u + 1051. Calculate the remainder when p(k) is divided by u.
20
Let l(t) = 2*t**2 - 19*t + 60. Let h(y) be the second derivative of -8*y**3/3 - 5*y**2 + 2*y. What is the remainder when h(-7) is divided by l(3)?
18
Suppose -44*r + 12 = -38*r. Suppose -2*n = -r*l - 374, 5*n - 296 = l + 635. Calculate the remainder when n is divided by 49.
39
Let m = 504 - 509. What is the remainder when m + (-88)/24*-129 is divided by 47?
45
Suppose 5*f - 45064 = -4*n, -4*n + f + 28054 = -16986. Calculate the remainder when n is divided by 39.
29
Calculate the remainder when 1 - -1707 - (2 - 3)*(-28 + 26) is divided by 48.
26
Suppose -98*v + 233 + 1097 = 92*v. Calculate the remainder when 27 is divided by v.
6
Suppose 0 = -b - 9 + 1. Suppose -167*t + 3284 = 136*t - 1564. Calculate the remainder when 28 + -1 + b/(-4) is divided by t.
13
Let o = 287 - 84. Suppose 8*z + 59 - o = 0. What is the remainder when z is divided by 14/6*(-1 + 4)?
4
Let o(r) = 22 + 5*r + r